 - 15/(25/y). Calculate the greatest common divisor of z and 4.
4
Suppose 0 = 4*h + 4*u - 944, h - 9*u = -4*u + 290. Calculate the highest common factor of h and 270.
5
Let s be ((-2)/3)/((-152)/969)*8. Let t be 136/(-3)*(-69)/46. Calculate the greatest common factor of s and t.
34
Let s be (6/7)/((13 + 4 + -8)/399). Calculate the highest common divisor of 10298 and s.
38
Let u = 27 + -17. Suppose -u = -5*y + y - 2*s, -5*s + 13 = 4*y. Suppose 2*i = -2*i + y*q + 118, 151 = 5*i + q. Calculate the highest common divisor of 12 and i.
6
Let j(o) = -2*o - 9 - 4 + 5 - 8. Let z be j(-10). Let k(t) = 4*t**2 - 3*t - 4. Let c be k(z). What is the greatest common divisor of c and 12?
12
Let r be (-1 - -2 - 1)/(4/2). Let s = r - -4. Suppose 0*w + 48 = s*x - w, 5*w = 3*x - 19. What is the highest common divisor of x and 117?
13
Suppose -35 = 3*r - 4*j - 2, -5*j = 15. Let o(l) = -l**3 - 16*l**2 - 39*l + 14. Let i be o(r). What is the highest common factor of 22 and i?
22
Let f = 1511 + -780. What is the greatest common divisor of f and 51?
17
Let h be (18/(-15))/((-16)/40). Suppose h*o + 0*o = 51. Calculate the highest common divisor of 68 and o.
17
Suppose 93*t + 613 = 1429 + 1974. What is the greatest common divisor of t and 3390?
30
Let b = 161 - 129. Suppose 0*j + 10 = 2*m - 5*j, -2 = 3*m + j. Suppose 16 = -m*c + c. Calculate the highest common factor of b and c.
16
Let k(r) = 3*r**2 + 3*r + 2. Suppose 5 = -5*b - 5. Let j be k(b). Let h be 36/(-8)*2/(-9). What is the highest common divisor of j and h?
1
Let j(i) = 3*i + 26*i**2 + 6 - 3*i - 18*i**2 - i**3 - 12*i. Let t be j(4). What is the highest common divisor of 110 and t?
22
Let r = 820 - 821. Let t be 5*1/r + 18. Calculate the highest common divisor of t and 1.
1
Suppose -63*h - 15290 = -68*h. What is the greatest common divisor of h and 22?
22
Let s be 3/(((-9)/20)/(-3)). Let m(h) = 90*h**3 - 2*h**2 - 2*h + 4. Let r be m(1). Calculate the greatest common factor of r and s.
10
Let b = 25453 + -25393. What is the greatest common factor of 6735 and b?
15
Let y(q) = -4*q. Let j be y(-1). Suppose z = j*z. Suppose z = 2*d - 172 - 4. What is the greatest common factor of d and 11?
11
Suppose 105*b + 3*b = 1728. What is the highest common factor of 4 and b?
4
Let r be -6 + (-4)/(-1) - -7. Suppose -12*i - r*h + 433 = -10*i, -3*i + 5*h = -687. Calculate the greatest common factor of i and 14.
14
Suppose 29*w = -571 + 977. Calculate the greatest common divisor of w and 448.
14
Let j = -63 - -66. Suppose -3*q + 2*q + j = 0. Let u be (-20)/q*(-18)/10. What is the greatest common divisor of 30 and u?
6
Let m be (153/6)/(6/16)*1. Suppose 55*q - m*q + 676 = 0. What is the greatest common factor of 13 and q?
13
Suppose 70 = -3*z + 4*z. Let x(g) = -g**3 - 25*g**2 + 26*g + 8. Let j be x(-26). Suppose 5 - 341 = -j*q. What is the greatest common divisor of z and q?
14
Suppose -k + 6*k + 3*q = 24, 2*q = 4*k - 6. Suppose k*r = 32*r - 290. Calculate the greatest common factor of r and 55.
5
Let r(j) = 2919*j**2 + 48*j + 53. Let l be r(-1). What is the highest common factor of l and 136?
68
Suppose 0*p - p = -5*n - 31, 6*n - 261 = -3*p. What is the greatest common divisor of p and 34?
1
Let j be 3/(-2)*2 - (1 + -9). Suppose 3*t + 4 + 5 = j*c, 0 = c - 2*t - 6. Suppose 2*z - 56 = -c. What is the highest common divisor of z and 252?
28
Let h be (-132398)/(-441) - (-2)/(-9). Let k = h - 232. Calculate the greatest common divisor of k and 12.
4
Suppose 0*d = 3*d - 5*m + 71, 4*d - 2*m = -104. Let c = 31 + d. Suppose -3*v + 53 = 2*k, 5*k - 130 = -c*v - v. What is the greatest common factor of 25 and k?
25
Let p(n) = -2*n. Let y(a) = a**2 - 9*a - 42. Let b(x) = p(x) - y(x). Let d be b(10). What is the greatest common factor of 102 and d?
6
Let v(l) = l**3 + 13*l**2 + 6*l - 15. Let j be v(-11). Suppose 0 = -3*n + j - 68. What is the highest common divisor of 341 and n?
31
Let r(f) = -2*f**3 + 3*f**2 - 6*f + 4. Let y be r(2). Let p be (y/18)/((-6)/63). What is the highest common factor of p and 133?
7
Let p(i) = i**2 - 29*i + 250. Let b be p(20). What is the highest common factor of 406 and b?
14
Let u(p) = -4*p - 7. Let q(k) = 15*k + 32. Let n(r) = 6*q(r) + 22*u(r). Let w be n(16). What is the greatest common divisor of w and 14?
14
Let a = -2943 + 3523. Calculate the highest common divisor of 30 and a.
10
Suppose 0 = -3*d + 4*i + 2246, 0 = 24*i - 29*i + 5. What is the greatest common divisor of d and 120?
30
Let y be ((-17)/2)/((-2)/16). Suppose 3*i = i + y. Suppose -4*g - 428 = -3*f, 4392*g = -5*f + 4393*g + 685. Calculate the greatest common factor of i and f.
34
Let g = 364 - 334. Suppose -5*m + 2845 = -5*f, -1093 - g = -2*m - f. What is the greatest common factor of 12 and m?
12
Let k be 243152/2184 - (0 + (-1)/(-3)). What is the highest common factor of k and 3293?
37
Let t(i) = i**2 + 34*i + 207. Let c be t(-6). Suppose -23*p + 57*p - 11934 = 0. What is the greatest common divisor of p and c?
39
Let z be ((-23)/92)/(2/24). Let h be -3 + z + (-4 - -3) + 75. Calculate the greatest common factor of h and 17.
17
Suppose 5*p - 5*a - 75 = 0, -7*p - 34*a + 105 = -31*a. Suppose -b + 132 = b. Let u = b - p. Calculate the greatest common factor of 17 and u.
17
Suppose 13*y - 37620 = -158*y. What is the highest common divisor of y and 4444?
44
Let t be 1020/16 + 2/(-8)*3. Suppose 3*r = u - 3, 39 = -3*u + 4*r - 7*r. Let q be (1 + 5)/((-6)/u). What is the greatest common divisor of t and q?
9
Suppose -5*i - 2*l + 40 + 354 = 0, i = 2*l + 86. What is the greatest common factor of 540 and i?
20
Let n(y) = -y**2 - 27*y - 12. Let k be n(-19). Let r be 3 + (4 - 5) - -40. Calculate the highest common factor of r and k.
14
Let p(r) be the third derivative of -37*r**4/24 - 109*r**3/6 - 120*r**2. Let t be p(-8). Calculate the greatest common divisor of t and 17.
17
Suppose -3*j + 7710 = 2*d, 11*j - 15*j - 4*d = -10280. Calculate the highest common factor of j and 10.
10
Let p(y) = -23*y - 11. Let u be p(-5). Suppose -9*v + 10*v = -u. Let x = 164 + v. Calculate the highest common factor of x and 15.
15
Suppose 408 = 14*v + 26 - 234. Calculate the greatest common divisor of 3916 and v.
44
Let v(h) = 5 + 5*h - h**2 - 15*h + 6 + 0*h**2. Let c be v(-11). Let y be 16 - -69 - (2 - 3)*c. What is the greatest common factor of 34 and y?
17
Let u = 87 + -99. Let q(s) = s**2 + 33. Let d be q(u). What is the highest common divisor of 59 and d?
59
Let f be (4 + -2 - -58)/(-343 + 346). What is the greatest common factor of f and 1280?
20
Let s(v) = 2*v**3 - 5*v**2 - 2*v. Let j be s(5). Suppose f - 12239 = -12032. Calculate the highest common divisor of f and j.
23
Let q(d) = -18*d**2 - 1340*d + 98. Let w be q(-51). What is the highest common factor of w and 4?
4
Let t be (19 - 5)*(-220)/(-140). What is the greatest common factor of t and 70?
2
Let a(l) = 49*l - 13. Let i be a(2). Suppose 0 = 49*o - 19*o - 5100. Calculate the greatest common divisor of i and o.
85
Suppose 0 = 9*t + 40 + 32. Let p be -5 - t/(16/26). Calculate the greatest common factor of 1 and p.
1
Let w(x) = -x**3 + 31*x**2 + 13*x + 47. Let t be w(26). What is the highest common factor of 15 and t?
15
Let x = -2015 - -3533. Let t(n) = -1519*n + x*n + 9 + 19. Let b be t(12). What is the greatest common factor of 48 and b?
16
Let z = -1806 - -1861. What is the greatest common factor of z and 5335?
55
Suppose -24*z - 2*a - 5254 = -28*z, 3*a + 5257 = 4*z. Calculate the greatest common factor of 902 and z.
82
Suppose 3*f + 149 = 3*k + 8*f, 2*k - 102 = -2*f. Let u be (-14 - 8)*(28/(-8))/7. Suppose 0 = -3*v + k - u. What is the greatest common divisor of 35 and v?
7
Suppose -3*y + 344 + 400 = 0. Let t(i) = 12*i**2 + 59*i + 26. Let o be t(-5). What is the highest common divisor of y and o?
31
Let x(b) = -2*b**3 - 53*b**2 - 76*b - 17. Let o be x(-25). Suppose 0 = 2*c - w - 7 - 5, 5*c + 3*w = o. What is the highest common factor of 52 and c?
4
Suppose 2*c - 50 = -3*i, 2*i + 13*c = 18*c + 8. Let g be (1 - (-9)/(-6))*-204. Suppose g + 108 = 3*l. Calculate the highest common factor of i and l.
14
Suppose -5*s + 22 = 6*s. Let q(o) = 2*o + 15*o**2 + 19*o**2 - 4*o + 4*o**s. Let l be q(1). Calculate the highest common divisor of 144 and l.
36
Let y = 32219 + -32114. Calculate the highest common divisor of y 